hen (-8)/(-36) + (-1340)/r is divided by 12?
6
Suppose -f + 4*p + 251 = 55, 3*f = 3*p + 606. Calculate the remainder when f is divided by 30.
24
What is the remainder when (13 - 11)*(3 + (-1915)/(-10)) is divided by 13?
12
Suppose 0 = -u - 2*u + 114. What is the remainder when 223 is divided by u?
33
Suppose 0 = 5*q - 305 + 835. Let s = q + 248. Calculate the remainder when s is divided by 37.
31
Let m(p) = -p**3 + 13*p**2 + 33*p + 11. Calculate the remainder when 213 is divided by m(15).
45
Let y be -1*10*(-6)/(-4). Let j = 2 - y. Suppose 0*i + 121 = 4*s - i, 59 = 2*s - i. What is the remainder when s is divided by j?
14
Suppose -3*c + 3*i = -24, -c - 4*i = 3*c + 8. Let r(x) = x**3 + 5*x**2 - 2. Let v be r(-5). What is the remainder when 35 is divided by v/((c/(-18))/1)?
11
Let m be (-783)/63 + 3/7. Let q = m + 27. Calculate the remainder when q is divided by 6.
3
Let f = -44 - -113. Let p(c) = -c**2 - 33*c - 18. What is the remainder when f is divided by p(-32)?
13
Suppose 3*r - 5*k - 5 = 0, -3*k + 25 = 3*r + 4. Suppose -l + 2*c = -3*c - 4, r*l + 3*c = 20. Calculate the remainder when 9 is divided by l.
1
Let i(w) = -w**2 + w + 1. Let a(c) = c**3 - 15*c**2 + 11*c - 2. Let k(z) = -a(z) + 5*i(z). Calculate the remainder when 65 is divided by k(9).
31
Let i = -11 + 13. Suppose 5*p = -2*w + 23, -i*p - p + 19 = -4*w. Suppose -p*o - 3*l = -122, 5*o - l - 37 = 69. What is the remainder when o is divided by 12?
10
Suppose 0 = 2*x - 5*h - 624, 0 = -x + 3*h + 129 + 185. What is the remainder when x is divided by 16?
14
Suppose -5*o - 12 - 13 = 0, -4*b + 103 = 5*o. Suppose 3*s = -4*t + 117 + 352, 2*t = -5*s + 791. What is the remainder when s is divided by b?
31
Let x be 1/(-1) - -22 - (8 - 6). Suppose 0 = -5*u - 15, 3*u = -5*w + u + x. Calculate the remainder when 29 is divided by w.
4
Suppose 0 = -17*q + 18*q - 21. What is the remainder when 46 is divided by ((-24)/q)/4 - (-51)/7?
4
Let z(m) = -4*m**3 - 2*m**2 + m + 5. What is the remainder when 129 is divided by z(-2)?
21
Let x = 290 + -1200. Calculate the remainder when 128 is divided by (2/5)/((-14)/x).
24
Calculate the remainder when 159 is divided by ((-42)/(-12) - 2)*6.
6
Let p be (-14)/8 + 11/(-44). Let r = p + 26. What is the remainder when -6 - 1542/(-30) - 4/10 is divided by r?
21
What is the remainder when 6/10 - (2 + (-5404)/35) is divided by 40?
33
Suppose -28407 - 881 = -56*b. Calculate the remainder when b is divided by 35.
33
Let q = -39 - -36. What is the remainder when 50 is divided by 18 - (q - -1*4)*0?
14
Let t be 0 + (-6)/16 + (-481)/104. Let k = -12 + 24. Let b = k - t. Calculate the remainder when b is divided by 10.
7
Let b(j) = j**2 + 19*j + 1. Let f be 18/(-108) + 238/(-12). What is the remainder when 41 is divided by b(f)?
20
Suppose -2*k + 0 - 26 = 0. What is the remainder when 48 is divided by (-1 - -3)/((-2)/k)?
9
Let v be 310/6 - 48/72. Suppose 3*x = -2*h + v, x = 3*h - 34 - 15. Calculate the remainder when 34 is divided by h.
16
What is the remainder when 163 is divided by 23/230 - 3/((-60)/218)?
9
Let s = -102 + 106. Suppose q = 4 - 2. Suppose q*h + 92 = s*h. What is the remainder when h is divided by 16?
14
Let z = 184 - 163. Calculate the remainder when z is divided by 9.
3
Suppose 2*d - 66 = 5*z, 58 = 2*d - 7*z + 4*z. Calculate the remainder when d is divided by (-6 + 0)/(-1 + 0).
5
Let z be 41 + 4 + -2 + (-1 - -2). Suppose 3*p + z - 89 = 0. What is the remainder when 28 is divided by p?
13
Let k = 171 - 116. Let w = 64 - k. What is the remainder when w is divided by 2?
1
Let k(h) = 6*h**2 - 2*h + 1. Let v be k(1). Let n = 61 - 37. What is the remainder when n is divided by v/(-15) + 28/3?
6
Let u(b) = 18*b + 62. What is the remainder when u(5) is divided by 51?
50
Let p be (-5 - (-4 + 0))*-3. Suppose -p*m = -2*l + 209, -6*l + 2*l + m = -433. What is the remainder when l is divided by 14?
11
Let z(f) = 23*f**2 - 11*f - 1. Let a(g) = 12*g**2 - 6*g - 1. Let i(s) = -5*a(s) + 3*z(s). What is the remainder when i(2) is divided by ((-11)/2)/((-11)/22)?
10
Suppose -11*l - 4 = -180. What is the remainder when 45 is divided by l?
13
Suppose -7*j = -874 + 769. What is the remainder when j is divided by 4?
3
Suppose 0 = 2*b, 3*b - 24 = -3*v + 4*b. Calculate the remainder when v is divided by 2.
0
Let w = 2 - 29. Let k(n) = n - 7. Let q be k(5). What is the remainder when 70 is divided by w/q*(-8)/(-6)?
16
Let d = 45 + -30. Suppose -2*n + d = n, -10 = -w - 2*n. Suppose -x = 2*m - 48, w*x + 4*x + m = 185. Calculate the remainder when x is divided by 12.
10
Suppose 30*p + 14 = 37*p. Calculate the remainder when 243 is divided by p.
1
Let m = 48 + -20. Let b = m + -10. Let g = b - 1. What is the remainder when g is divided by 6?
5
Suppose -7*g + 11*g = 0. Suppose -2*b + 0*a - a + 41 = 0, 4*b - 3*a - 107 = g. What is the remainder when b is divided by 5?
3
Let h(z) = -z**3 - 6*z**2 + 18*z - 26. What is the remainder when h(-10) is divided by 18?
14
Let c be 6/9*15/10. Calculate the remainder when 33 is divided by c - (-21 - (4 - 8)).
15
Suppose 30 = 10*z - 8*z. Suppose 0 = -13*p + 10*p + z. Suppose -2*r - 3*a = -27, -2*a + 0*a = -2. What is the remainder when r is divided by p?
2
Let q = -83 + 59. Calculate the remainder when 19 is divided by (-183)/(-21) + q/(-84).
1
Let i be (4/((-32)/212))/((-1)/2). Suppose 5*s = -5*z + i + 47, 0 = s - z - 18. What is the remainder when 73 is divided by s?
16
Suppose 4191 + 5185 = 8*r. What is the remainder when r is divided by 25?
22
Let b(a) = 6*a**2 - 2*a - 15. What is the remainder when 73 is divided by b(-3)?
28
Let a be 80/5*3 + -3. Let u = a - 27. Let z(o) = o**2 + o - 3. What is the remainder when z(-8) is divided by u?
17
Let w be 6 + -4 + 6 + -5. Suppose w*z = 7*z - 16. Calculate the remainder when 41 is divided by z.
1
Let w = -31 + 37. Suppose 9*s - 405 - 198 = 0. What is the remainder when s is divided by w?
1
Let q be 23860/(-8)*4/5. Let y = q - -1276. What is the remainder when 5/35 + y/(-21) is divided by 27?
26
What is the remainder when 1/(2/210) - -3 is divided by 37?
34
Let m(q) = -19*q - 29. Suppose -16*r - 30 = -r. Calculate the remainder when 26 is divided by m(r).
8
Let p(y) = 3*y**2 - 6*y**2 + 4*y**2 + 6*y + 6. Let g(x) = -3*x**3 + 13*x**2 - 3*x + 7. What is the remainder when g(4) is divided by p(-6)?
5
Let l = 42 - 17. Suppose -3*k + 253 - l = 0. Suppose 3*g - k - 59 = 0. Calculate the remainder when g is divided by 12.
9
Suppose -8*h + 3*r = -4*h - 2371, 0 = -5*h - 3*r + 2984. Let a = h - 369. Calculate the remainder when a is divided by 12.
10
Let h = -16 - -52. Let x = -2 + h. Let m = 34 - 22. Calculate the remainder when x is divided by m.
10
Let m(d) be the first derivative of d**4/4 - 7*d**3/3 + 10*d - 12. Let q be m(7). Let s = 16 - q. Calculate the remainder when 17 is divided by s.
5
Suppose -3*w + 10 = -5. Calculate the remainder when 10 is divided by w.
0
Let m(h) = -h**2 - 12*h - 19. Let j be ((-9)/(-12)*-6)/(3/6). What is the remainder when 31 is divided by m(j)?
7
Let m(f) = 6*f**2 + 11*f - 1. Let c be m(6). Suppose -5*v = c - 1226. Calculate the remainder when v is divided by 48.
45
Suppose 4*b - 3*l = 53, -5*b + 5*l = -0*l - 70. Let j be 240/25 + 4/10. Suppose -2*g = -j, 3*g = -5*a - 47 + 157. What is the remainder when a is divided by b?
8
Suppose -2*p + 20 = -60. Suppose 0 = -3*j + b + 4*b + 62, -4*b + 54 = 5*j. Calculate the remainder when p is divided by j.
12
Let k = 127 + -130. What is the remainder when 37 is divided by (8/(-6))/((-86)/(-30) + k)?
7
Suppose -2*l + 9 = 3. Suppose -l*m - 9 = -4*j, j + 2*m - m = 11. What is the remainder when (15 + -24)*(-1 - -2)*-3 is divided by j?
3
Let u(r) = -2*r**2 + 3 - 8*r**3 + 3*r**3 - 4*r**3. Let j be u(-2). Suppose t - 3*k - 4 = 0, 5*t - j = 2*k + 18. Calculate the remainder when t is divided by 7.
5
Suppose -5*h + 39 = 9. Suppose -18 = 4*i + h. What is the remainder when (-11)/(-1)*(-12)/i is divided by 12?
10
Let x = 81 + -63. Calculate the remainder when 139 is divided by x.
13
Suppose t - 17 = 3*l, -3*l = t + 3*t - 8. Suppose 0*v - 188 = -4*s - 4*v, -s - t*v = -51. Calculate the remainder when s is divided by 12.
10
Let p = 84 - 9. Let f(d) = d**3 + 8*d**2 - 9*d + 13. Calculate the remainder when p is divided by f(-9).
10
Suppose -24 = -4*m + 8. 